{"id":2,"date":"2014-11-06T15:38:44","date_gmt":"2014-11-06T13:38:44","guid":{"rendered":"http:\/\/rsc-edv.de.w00ac018.kasserver.com\/?page_id=2"},"modified":"2016-03-02T00:11:53","modified_gmt":"2016-03-01T22:11:53","slug":"beispiel-seite","status":"publish","type":"page","link":"https:\/\/rsc-edv.de\/?page_id=2","title":{"rendered":"Netzwerke"},"content":{"rendered":"<p>Vernetzte Computer, eine Vielzahl von Programmen f\u00fcr unterschiedliche Aufgaben, das alles ist aus der heutigen Arbeitswelt nicht mehr wegzudenken. Grundlage f\u00fcr den erfolgreichen Einsatz dieser Technik ist eine sorgf\u00e4ltige Planung und Projektierung und nachfolgend eine kontinuierliche Betreuung Ihres gesamten Systems. Dabei wollen wir Sie mit unseren qualifizierten Mitarbeitern unterst\u00fctzen.<\/p>\n<p>Sie als Anwender, der ein Computersystem als Werkzeug zur Erledigung seiner eigentlichen Aufgaben einsetzt, stehen dabei im Mittelpunkt. Nicht der Computer, sondern die spezifischen Anforderungen, die sich aus Ihrer und der T\u00e4tigkeit Ihrer Mitarbeiter ergeben, bestimmen die Auswahl und Zusammenstellung der Hard- und Software. Wenn man in einem Topf eine Vielzahl edelster Zutaten zusammenr\u00fchrt, muss dabei nicht unbedingt ein geniessbares Essen entstehen. Der Meisterkoch wei\u00df, welche Zutaten zueinander passen und welche nicht. Wir testen vor allem das Zusammenspiel der einzelnen Komponenten, egal ob neu oder bereits vorhanden, bevor wir bei Ihnen ein neues System einf\u00fchren.<\/p>\n","protected":false},"excerpt":{"rendered":"<p>Vernetzte Computer, eine Vielzahl von Programmen f\u00fcr unterschiedliche Aufgaben, das alles ist aus der heutigen Arbeitswelt nicht mehr wegzudenken. Grundlage f\u00fcr den erfolgreichen Einsatz dieser Technik ist eine sorgf\u00e4ltige Planung und Projektierung und nachfolgend eine kontinuierliche Betreuung Ihres gesamten Systems. Dabei wollen wir Sie mit unseren qualifizierten Mitarbeitern unterst\u00fctzen. Sie als Anwender, der ein Computersystem [&hellip;]<\/p>\n","protected":false},"author":1,"featured_media":0,"parent":0,"menu_order":0,"comment_status":"closed","ping_status":"closed","template":"","meta":[],"_links":{"self":[{"href":"https:\/\/rsc-edv.de\/index.php?rest_route=\/wp\/v2\/pages\/2"}],"collection":[{"href":"https:\/\/rsc-edv.de\/index.php?rest_route=\/wp\/v2\/pages"}],"about":[{"href":"https:\/\/rsc-edv.de\/index.php?rest_route=\/wp\/v2\/types\/page"}],"author":[{"embeddable":true,"href":"https:\/\/rsc-edv.de\/index.php?rest_route=\/wp\/v2\/users\/1"}],"replies":[{"embeddable":true,"href":"https:\/\/rsc-edv.de\/index.php?rest_route=%2Fwp%2Fv2%2Fcomments&post=2"}],"version-history":[{"count":5,"href":"https:\/\/rsc-edv.de\/index.php?rest_route=\/wp\/v2\/pages\/2\/revisions"}],"predecessor-version":[{"id":12,"href":"https:\/\/rsc-edv.de\/index.php?rest_route=\/wp\/v2\/pages\/2\/revisions\/12"}],"wp:attachment":[{"href":"https:\/\/rsc-edv.de\/index.php?rest_route=%2Fwp%2Fv2%2Fmedia&parent=2"}],"curies":[{"name":"wp","href":"https:\/\/api.w.org\/{rel}","templated":true}]}}